reatest common divisor of s and g?
10
Let i = 218 + -348. Let f = -127 - i. What is the greatest common factor of 111 and f?
3
Let o = -243 - -255. Calculate the highest common divisor of 246 and o.
6
Let z(b) = 111*b**3 + 3*b**2 + 2*b - 2. Let i be z(-1). Let c = i - -159. Calculate the highest common divisor of 376 and c.
47
Let d be (-49)/(637/(-12662)) + -8 + 2. What is the greatest common factor of 264 and d?
88
Let u = 219 - 216. Suppose 20 = 5*x, -x + u*x - 51 = -b. What is the highest common factor of 731 and b?
43
Let z = 71 + -27. Let l(n) = 7*n**3 + 5*n**2 - 23*n + 14. Let o be l(2). What is the greatest common factor of o and z?
44
Let l = -13327 + 17476. Calculate the highest common divisor of l and 18.
9
Let q be ((-75)/125 - 123/(-105))*21. Calculate the greatest common factor of q and 404.
4
Let i be (4/14)/(-1) - (-115)/35. Suppose 3*v + 31 = i*t - 65, -25 = 5*v. Let n be 10/(-4)*(-55 + 1). What is the highest common divisor of t and n?
27
Let v(a) = -5*a**3 + 108*a**2 + 85*a - 52. Let h be v(21). What is the highest common factor of 64 and h?
16
Let h = -25 + 52. Suppose 1785 = 226*p - 233*p. Let i = p + 258. Calculate the greatest common factor of h and i.
3
Suppose 3*h = 5*b - 139, 0 = 2*b - h - 21 - 35. Suppose -b = 3*t - 17. Let c be t/6 - (-4 - 280/24). What is the highest common divisor of c and 180?
15
Suppose 2*m + a - 127 = 0, 7*m - 5*a - 219 = 3*m. Suppose -371 = -3*t + m. Calculate the highest common factor of 18 and t.
18
Let t be 10 - -112 - (-5 - -1). Let w be (3/(-6))/(46/48 + -1). Let o be (-2)/3 + 20/w - -13. Calculate the greatest common divisor of o and t.
14
Suppose -10*q + 172 - 4 = -8*q. What is the greatest common factor of 444 and q?
12
Let q be (-28)/3*(-180)/240. Let u be 26/(-4)*1*-12. Suppose -4*l + 62 = -u. Calculate the greatest common divisor of q and l.
7
Let a be (4/6)/(-4*4/(-4008)). Suppose 0 = 2*d - 283 + a. What is the highest common divisor of d and 145?
29
Let j(t) = -9*t + 636. Let i be j(67). Let c = -154 - -385. What is the highest common divisor of c and i?
33
Suppose -80*z = -43*z + 43*z - 160. Suppose 2*t = -2*t + 1360. Suppose z*b - 136 = 4*f, -t + 0 = -5*b + 3*f. Calculate the highest common divisor of 17 and b.
17
Suppose 2520 = 29*n - 27*n. Suppose -4*m = -6*m + n. Suppose m = 2*c + 7*c. Calculate the highest common factor of c and 28.
14
Suppose -36*q + 63 + 45 = 0. Calculate the greatest common factor of q and 591.
3
Suppose -2*p + a + 121 = 10, -p + 54 = a. Suppose -d - p = -6*d. Let g = 15 - -7. Calculate the greatest common divisor of d and g.
11
Let a = 15 + -13. Suppose f - 84 = x, -a*f + 2*x + x = -164. Suppose 3*c - f = 2*c. What is the highest common divisor of c and 8?
8
Suppose 0*m - 1 = -m. Let u(x) = -7*x - 33. Let b be u(-24). Let w = 136 - b. What is the greatest common factor of m and w?
1
Let q = -101 - -467. Suppose 371*k - 715 = q*k. Suppose -30 = -2*t - 4*o, -5*o = t + 12 - 30. Calculate the greatest common divisor of k and t.
13
Suppose -93*i + 37*i = -9632. Suppose -c - c + 4*y + 16 = 0, 14 = 2*c - 3*y. Calculate the greatest common divisor of c and i.
4
Let s = -277 - -279. Suppose 0 = -4*u - 2*r + 128 - 32, -u + s*r = -29. What is the highest common divisor of 625 and u?
25
Let n be 6*(-12)/(-32)*4. Suppose 0 = -4*m - 16, 4*l - 4*m + 244 = n*l. Calculate the highest common factor of l and 13.
13
Let i be (9*(-2)/(-6))/(14/966). Suppose 0 - 5 = -r. Let g be 90/4 + r/10. What is the greatest common divisor of g and i?
23
Let b(z) = 30*z - 15. Let h be b(8). Suppose -556 - 1764 = 8*k. Let j be (-18)/h*(2 - -8)*k. Calculate the highest common factor of 29 and j.
29
Let o = 34 + -23. Suppose 350*h - 354*h - 5*b + 313 = 0, -b + 78 = h. Calculate the greatest common factor of h and o.
11
Let r(u) = -2*u**2 + 32*u + 20. Suppose 38 = 6*g - 28. Let y be r(g). Calculate the highest common factor of 39 and y.
13
Let p(y) = y**3 - 2*y**2 + 3*y + 127. Let a be p(0). Suppose -476 = 4*h - 0*h. Let k = a + h. Calculate the highest common factor of 152 and k.
8
Let a(z) = -36*z - 19*z - 48*z + 21*z + 36. Let p be a(-6). Calculate the highest common factor of p and 198.
66
Suppose 4*f = 2*r + 610, f + r = 147 + 10. Calculate the greatest common divisor of 12 and f.
2
Let d be 2/3 - (-12 + (-58)/(-87)). Let w(o) = o**3 + 2*o**2 - 2*o - 1. Let n be w(-2). Calculate the highest common factor of d and n.
3
Let l(w) = 14*w**2 - 2*w. Suppose 6*x - 4*x - 10 = 0. Suppose x*p = -2*p - 7. Let t be l(p). What is the greatest common factor of 64 and t?
16
Suppose 6*y - y - 210 = 0. Let i(w) = -12 - 8 + 0*w - 8 + 2*w + 15*w. Let c be i(2). What is the greatest common factor of y and c?
6
Let i(h) = 18*h - 10. Let m be i(1). Let k = -45 - -48. Suppose 5*v - 299 = -2*w, -w + k*w + 4*v = 300. Calculate the highest common divisor of m and w.
8
Let s(o) = o**3 + 19*o**2 - 18*o + 40. Let l be s(-20). Suppose -2*t + l*t = -608. What is the greatest common factor of t and 16?
16
Suppose 1185*n = 1188*n - 63. Suppose -5*x - n = 2*q, -21*q - 9 = -18*q + 3*x. What is the greatest common divisor of q and 64?
2
Let n(a) = -13*a**2 + 93*a - 12. Let k be n(7). What is the greatest common divisor of 2 and k?
2
Suppose 3*y - 3*o + 406 - 1609 = 0, -4*y + 1439 = 29*o. Calculate the greatest common factor of 612 and y.
36
Suppose 5*h = -5*w + 1460, 2*h - 4*w - 985 = -389. Let z = -277 + h. Calculate the highest common divisor of z and 85.
17
Let z(y) = y**3 - 41*y**2 + 49*y + 384. Let s be z(40). Calculate the highest common factor of s and 558.
186
Let o(a) = a**2 - 17*a - 2038. Let c be o(59). What is the greatest common divisor of c and 10?
10
Suppose 2724 = 7*p + 3*a, -p + 23*a + 400 = 18*a. Calculate the highest common factor of 840 and p.
30
Let z(d) = 8*d**2 + 16*d**2 + 4 + 8*d - 2 - 5*d. Let u be z(-1). Suppose -3*o + 5*h - 3 = 0, -3*h = 5*o - 2*h - u. What is the highest common factor of 4 and o?
4
Let v = 670 + -674. Let l be (-6 + 1)/(2/(-8)). Let i = v + l. What is the greatest common factor of 4 and i?
4
Suppose 3*g + 6 = 5*j, -4*j + 6 = -6*j + 4*g. Let u be -2*(-5 - 1*j/6). Let k = -75 + 130. Calculate the highest common factor of u and k.
11
Let x(w) = w**3 + 10*w**2 + 11*w + 20. Let p be x(-9). Let z be 5 + 6*p/(-4) + -17. Let h be 2/6 + (-355)/z. What is the highest common divisor of h and 84?
12
Let z(g) = -g**2 + 8*g - 7. Let i be z(3). Let s = 112 - -26. Suppose 132 - s = -6*v. Calculate the highest common divisor of i and v.
1
Suppose -3*h + 3*v + 267 = 0, 15*h - 4*v - 86 = 14*h. Calculate the greatest common factor of 100 and h.
10
Let n(o) = -5*o**3 + 153*o**2 + 62*o + 44. Let r be n(31). Suppose -7*f = -4*f - 48. What is the greatest common factor of f and r?
4
Suppose -28*k - 5*g - 31 = -24*k, 0 = -3*g + 15. Let f be 14*7/(k/(-4)). Calculate the greatest common factor of f and 84.
28
Let i be 80/6 - (-10)/15. Let b(q) = q**2 + 14*q - 26. Let f be b(-18). Suppose 11 - f = -s. Calculate the greatest common factor of s and i.
7
Suppose 146*s + 6273 = 58*s - 151. Suppose 5*o + 157 = -d - 2*d, -5*d - 5*o = 275. Let z = d - s. What is the highest common divisor of z and 21?
7
Let z(p) = 168 + 71*p + p - 5*p - 250. Let x be z(5). Calculate the highest common divisor of 23 and x.
23
Let w = -316 - -575. Suppose -p = 3, p - w = -z + 4*p. What is the highest common factor of 50 and z?
50
Suppose 0 = 32*d - 16*d - 1056. Let v = 53 + -47. What is the greatest common factor of d and v?
6
Let o = 18 - -45. Let g be (-7 + 3)*58/(-4) - -5. What is the highest common divisor of g and o?
63
Suppose -2*f - 3*f - 2*w = -639, -4*f + 4*w + 500 = 0. Let u = f - 81. What is the greatest common factor of u and 23?
23
Suppose 115*b - 260*b + 1274880 = -105*b. What is the highest common factor of 16 and b?
16
Let a = -95 - -273. Suppose j - 1 = -6, a = 3*u - 2*j. Let n = -517 - -525. What is the greatest common divisor of n and u?
8
Let q = -15 + -5. Suppose -2*y = -s - 17, -22*s = -20*s + y - 1. Let g be ((-4915)/q - s) + 3/(-4). Calculate the greatest common divisor of g and 31.
31
Suppose -1563 = 4*b + m, -b + 2*m + 1950 = -6*b. Let v = -383 - b. Calculate the greatest common factor of 189 and v.
9
Let l be (-136)/(-8) + 15 + 2593. What is the highest common divisor of 70 and l?
35
Suppose 54*j - 4